f 64799603?
11, 5890873
What are the prime factors of 118275125?
5, 37, 107, 239
What are the prime factors of 3464597601?
3, 37, 907, 11471
What are the prime factors of 68314429?
68314429
List the prime factors of 48433963.
257, 188459
What are the prime factors of 4445280663?
3, 1481760221
What are the prime factors of 843396011?
843396011
List the prime factors of 1449783.
3, 161087
What are the prime factors of 1189907271?
3, 7, 191, 98887
List the prime factors of 219639453.
3, 11, 263, 25307
What are the prime factors of 1810475621?
173, 433, 24169
What are the prime factors of 18702685?
5, 3740537
List the prime factors of 1161729873.
3, 223, 578839
What are the prime factors of 498480591?
3, 7, 661, 35911
List the prime factors of 239836146.
2, 3, 11, 37, 98213
What are the prime factors of 382516143?
3, 127505381
What are the prime factors of 53480542?
2, 26740271
List the prime factors of 124443410.
2, 5, 7, 13, 136751
What are the prime factors of 1692341132?
2, 59, 283, 25339
What are the prime factors of 136907292?
2, 3, 3163, 3607
List the prime factors of 1274917396.
2, 318729349
List the prime factors of 281753528.
2, 7, 718759
What are the prime factors of 252877068?
2, 3, 59, 119057
What are the prime factors of 4901872013?
4901872013
List the prime factors of 17853968.
2, 11, 61, 1663
What are the prime factors of 98182691?
98182691
What are the prime factors of 40282195?
5, 8056439
What are the prime factors of 6525394?
2, 37, 109, 809
What are the prime factors of 158192435?
5, 31638487
What are the prime factors of 807845180?
2, 5, 40392259
What are the prime factors of 32369236?
2, 19, 425911
List the prime factors of 695540089.
29, 23984141
List the prime factors of 64250414.
2, 31, 1036297
What are the prime factors of 343622431?
59, 67, 86927
List the prime factors of 82079993.
82079993
List the prime factors of 105775160.
2, 5, 23, 114973
List the prime factors of 23666524.
2, 7, 89, 9497
List the prime factors of 5933446237.
5933446237
What are the prime factors of 83624296?
2, 7, 1493291
What are the prime factors of 138858140?
2, 5, 6942907
List the prime factors of 71990431.
61, 1180171
What are the prime factors of 296034694?
2, 139, 1064873
What are the prime factors of 115109775?
3, 5, 11, 37, 419
What are the prime factors of 1626194687?
13, 17, 1021, 7207
What are the prime factors of 7455753?
3, 461, 599
List the prime factors of 1851814906.
2, 191, 4847683
What are the prime factors of 632752657?
24317, 26021
What are the prime factors of 1751519067?
3, 583839689
What are the prime factors of 531676783?
11, 4394023
List the prime factors of 1106983436.
2, 13, 41, 71, 103
List the prime factors of 74741285.
5, 14948257
List the prime factors of 722685551.
7, 103240793
List the prime factors of 409395086.
2, 41, 4992623
List the prime factors of 2506822.
2, 19, 41, 1609
List the prime factors of 4753515562.
2, 277, 8580353
List the prime factors of 1251256518.
2, 3, 89, 167, 1559
List the prime factors of 52973130.
2, 3, 5, 7, 252253
List the prime factors of 1468875366.
2, 3, 7, 137, 85093
What are the prime factors of 35417820?
2, 3, 5, 61, 9677
List the prime factors of 38955750.
2, 3, 5, 51941
List the prime factors of 990091354.
2, 7, 10102973
List the prime factors of 2522682858.
2, 3, 19, 101, 219097
What are the prime factors of 1170608?
2, 23, 3181
What are the prime factors of 487779265?
5, 31, 1613, 1951
List the prime factors of 198472338.
2, 3, 11026241
What are the prime factors of 1802444321?
5639, 319639
List the prime factors of 736476672.
2, 3, 31, 15467
List the prime factors of 289293280.
2, 5, 1808083
What are the prime factors of 113823344?
2, 2017, 3527
What are the prime factors of 419182960?
2, 5, 7, 748541
List the prime factors of 97993067.
103, 951389
What are the prime factors of 95103070?
2, 5, 9510307
List the prime factors of 683110282.
2, 8941, 38201
What are the prime factors of 1120530226?
2, 97, 5775929
List the prime factors of 7656587.
983, 7789
What are the prime factors of 5433543140?
2, 5, 271677157
What are the prime factors of 122257845?
3, 5, 73, 37217
What are the prime factors of 13372493?
3623, 3691
List the prime factors of 539149200.
2, 3, 5, 37, 12143
List the prime factors of 769354388.
2, 11, 1489, 11743
List the prime factors of 381052462.
2, 7, 27218033
List the prime factors of 42151046.
2, 7, 127, 151, 157
What are the prime factors of 603495651?
3, 11, 19, 47, 20479
List the prime factors of 85565167.
29, 641, 4603
What are the prime factors of 238236416?
2, 11, 7691
What are the prime factors of 1993716877?
1993716877
What are the prime factors of 131821160?
2, 5, 67, 101, 487
List the prime factors of 529744187.
7, 19, 3983039
What are the prime factors of 78644996?
2, 71, 276919
What are the prime factors of 27071548?
2, 7, 17, 56873
What are the prime factors of 449238897?
3, 49915433
What are the prime factors of 290492834?
2, 145246417
List the prime factors of 1059146512.
2, 17, 1129, 3449
What are the prime factors of 242052418?
2, 43, 2814563
What are the prime factors of 753183397?
787, 957031
List the prime factors of 93242794.
2, 53, 879649
List the prime factors of 260326420.
2, 5, 23, 47, 12041
List the prime factors of 38074950.
2, 3, 5, 211, 401
What are the prime factors of 190225164?
2, 3, 15852097
What are the prime factors of 2445536482?
2, 61, 79, 89, 2851
List the prime factors of 2543379296.
2, 79480603
List the prime factors of 527703997.
1879, 280843
What are the prime factors of 44318312?
2, 953, 5813
List the prime factors of 3578787174.
2, 3, 9689, 61561
What are the prime factors of 87401455?
5, 3469, 5039
What are the prime factors of 192178305?
3, 5, 11, 127, 1019
List the prime factors of 277641334.
2, 138820667
What are the prime factors of 224442624?
2, 3, 7, 83, 503
What are the prime factors of 4607401666?
2, 7, 7529, 43711
What are the prime factors of 46532655?
3, 5, 13, 17, 4679
List the prime factors of 1129499772.
2, 3, 29, 3245689
What are the prime factors of 64272823?
3089, 20807
List the prime factors of 1074127850.
2, 5, 21482557
What are the prime factors of 525149998?
2, 262574999
What are the prime factors of 819509424?
2, 3, 3461, 4933
List the prime factors of 113786179.
13, 673291
What are the prime factors of 10808213?
13, 29, 28669
List the prime factors of 36996106.
2, 7, 107, 24697
List the prime factors of 36509577.
3, 13, 107, 673
List the prime factors of 317574384.
2, 3, 887, 7459
What are the prime factors of 586242383?
239, 2452897
What are the prime factors of 503664233?
4933, 102101
List the prime factors of 435535707.
3, 2887, 50287
What are the prime factors of 711641528?
2, 13, 23, 297509
List the prime factors of 14946919.
13, 29, 41, 967
List the prime factors of 6405856906.
2, 503, 6367651
What are the prime factors of 727512299?
19, 29, 131, 10079
List the prime factors of 11552682.
2, 3, 127, 15161
What are the prime factors of 857861730?
2, 3, 5, 11, 233, 3719
What are the prime factors of 39803905?
5, 1663, 4787
What are the prime factors of 106809140?
2, 5, 269, 19853
List the prime factors of 22633395.
3, 5, 1508893
List the prime factors of 5379016732.
2, 1344754183
List the prime factors of 1001094450.
2, 3, 5, 6673963
What are the prime factors of 118336211?
7, 29, 582937
What are the prime factors of 2409591?
3, 43, 18679
List the prime factors of 1089198128.
2, 41, 191, 8693
What are the prime factors of 82765231?
17, 4868543
What are the prime factors of 1491448300?
2, 5, 14914483
List the prime factors of 25226144.
2, 788317
What are the prime factors of 156730531?
17, 163, 347
What are the prime factors of 76038995?
5, 337, 45127
List the prime factors of 99475458.
2, 3, 16579243
What are the prime factors of 116393566?
2, 71, 819673
List the prime factors of 1813180767.
3, 193, 461, 6793
List the prime factors of 121688540.
2, 5, 19, 431, 743
What are the prime factors of 323388890?
2, 5, 11, 2939899
What are the prime factors of 2186110412?
2, 5081, 107563
What are the prime factors of 947128873?
947128873
List the prime factors of 553578910.
2, 5, 55357891
What are the prime factors of 17322761?
17322761
List the prime factors of 3594565952.
2, 17, 3303829
What